Is 157967 a multiple of 157?
False
Is 182 a factor of 3478218?
False
Is 85311 a multiple of 3?
True
Is 7 a factor of 134261?
False
Is 503 a factor of 562642?
False
Is 406 a factor of 28420?
True
Does 15 divide 36485?
False
Does 143 divide 185207?
False
Does 34 divide 1243893?
False
Does 15 divide 153630?
True
Is 28 a factor of 911800?
False
Is 612 a factor of 3017485?
False
Is 5975194 a multiple of 122?
True
Does 4 divide 3767739?
False
Is 3744847 a multiple of 29?
False
Is 149 a factor of 8142458?
False
Is 80760 a multiple of 60?
True
Is 6778835 a multiple of 17?
True
Is 1692610 a multiple of 965?
True
Does 6 divide 942297?
False
Does 35 divide 297360?
True
Is 597742 even?
True
Does 6 divide 1140312?
True
Is 18 a factor of 233365?
False
Does 7 divide 329350?
True
Is 1803400 a multiple of 200?
True
Is 1279273 a multiple of 53?
False
Does 303 divide 217857?
True
Does 182 divide 4827732?
True
Is 12415801 a multiple of 241?
False
Is 3126864 a multiple of 78?
True
Does 72 divide 464352?
False
Does 29 divide 54317?
True
Does 70 divide 10716014?
False
Does 86 divide 52718?
True
Does 85 divide 498355?
True
Is 109113 a multiple of 942?
False
Is 4135170 a multiple of 27?
False
Is 6 a factor of 17673?
False
Is 179 a factor of 162279?
False
Is 5215785 a multiple of 26?
False
Is 890880 a multiple of 48?
True
Is 5024362 a multiple of 14?
True
Is 13 a factor of 1601001?
False
Is 407 a factor of 675944?
False
Does 7 divide 50092?
True
Is 97 a factor of 4442718?
False
Is 22 a factor of 224165?
False
Does 18 divide 824853?
False
Is 1020240 a multiple of 148?
False
Is 2235 a multiple of 5?
True
Is 236 a factor of 19194116?
True
Is 5 a factor of 120915?
True
Is 156 a factor of 155052?
False
Is 376 a factor of 760631?
False
Is 60 a factor of 13620?
True
Is 1217577 a multiple of 253?
False
Does 105 divide 837619?
False
Is 371078 a multiple of 59?
False
Is 422064 a multiple of 216?
True
Does 100 divide 1094282?
False
Is 40 a factor of 2623134?
False
Is 4730409 a multiple of 159?
True
Does 10 divide 10556?
False
Is 14 a factor of 2098485?
False
Is 450 a factor of 7438309?
False
Is 306494 a multiple of 21?
False
Is 162233 a multiple of 17?
False
Is 579870 a multiple of 758?
True
Does 490 divide 1285760?
True
Does 197 divide 12472835?
False
Is 9 a factor of 459362?
False
Does 4 divide 230684?
True
Is 8642420 a multiple of 142?
False
Is 259464 a multiple of 257?
False
Is 2190573 a multiple of 327?
True
Does 6 divide 170034?
True
Does 12 divide 84948?
True
Does 26 divide 12194827?
False
Is 53 a multiple of 13?
False
Is 66175 even?
False
Does 11 divide 2336473?
False
Does 15 divide 403005?
True
Is 241086 a multiple of 138?
True
Is 54 a factor of 42112?
False
Is 1384281 a multiple of 19?
False
Does 368 divide 834992?
True
Is 129822 a multiple of 18?
False
Does 14 divide 231924?
True
Is 876330 a multiple of 5?
True
Does 42 divide 2970161?
False
Is 11 a factor of 156838?
True
Is 12 a factor of 117600?
True
Is 20 a factor of 142338?
False
Is 59 a factor of 18526?
True
Is 3859511 even?
False
Is 162563 a multiple of 17?
False
Is 10 a factor of 1105250?
True
Is 46 a factor of 2154304?
False
Is 9 a factor of 1200168?
True
Does 114 divide 3907236?
True
Does 16 divide 139459?
False
Does 59 divide 14757018?
False
Is 22 a factor of 75611?
False
Is 10 a factor of 243760?
True
Does 7 divide 1713922?
True
Is 15 a factor of 37639?
False
Is 243449 a multiple of 6?
False
Is 319186 a multiple of 14?
True
Does 65 divide 185330?
False
Does 52 divide 13572?
True
Is 615 a factor of 1715167?
False
Is 1816939 a multiple of 21?
False
Does 197 divide 319415?
False
Does 8 divide 43723?
False
Is 494169 a multiple of 4?
False
Is 27 a factor of 366390?
True
Is 5 a factor of 340770?
True
Does 23 divide 34339?
True
Does 420 divide 1048723?
False
Is 1428299 a multiple of 623?
False
Is 12 a factor of 661128?
True
Does 31 divide 674126?
True
Is 4720 a multiple of 16?
True
Is 91 a factor of 2302598?
False
Does 41 divide 81918?
True
Does 2 divide 62225?
False
Is 26 a factor of 460400?
False
Does 21 divide 361319?
False
Is 357612 a multiple of 102?
True
Is 430812 a multiple of 9?
True
Is 17760 a multiple of 24?
True
Does 399 divide 2700432?
True
Does 54 divide 4291979?
False
Does 3 divide 27616?
False
Does 129 divide 195564?
True
Is 408584 a multiple of 236?
False
Is 469 a factor of 2028894?
True
Is 99 a factor of 20619?
False
Is 783396 a multiple of 117?
False
Is 88933 a multiple of 19?
False
Is 16105 a multiple of 5?
True
Is 486495 a multiple of 57?
True
Is 4 a factor of 22154?
False
Does 147 divide 30073?
False
Is 7 a factor of 104482?
True
Is 79 a factor of 51982?
True
Does 423 divide 5918416?
False
Is 12 a factor of 54581?
False
Does 21 divide 1469886?
False
Is 48673 a multiple of 2?
False
Is 67014 a multiple of 9?
True
Is 496769 a multiple of 11?
False
Is 1521072 a multiple of 28?
True
Does 70 divide 1077442?
False
Is 16633288 a multiple of 185?
False
Is 545 a factor of 1844825?
True
Is 421100 a multiple of 343?
False
Is 83 a factor of 2093343?
True
Is 52 a factor of 143103?
False
Does 16 divide 6357151?
False
Is 13325 a multiple of 36?
False
Is 282914 a multiple of 314?
True
Does 401 divide 1218639?
True
Is 17 a factor of 698224?
True
Does 440 divide 1528460?
False
Does 408 divide 29554704?
True
Is 4 a factor of 19089?
False
Is 783680 a multiple of 80?
True
Is 339 a factor of 5619603?
True
Is 2583176 a multiple of 101?
True
Does 237 divide 718347?
True
Is 3 a factor of 80571?
True
Is 15146644 a multiple of 49?
False
Does 53 divide 218388?
False
Does 75 divide 216474?
False
Is 65020 a multiple of 131?
False
Is 37 a factor of 37120?
False
Is 1628239 a multiple of 952?
False
Does 12 divide 2093964?
True
Is 23 a factor of 4158768?
True
Does 1148 divide 18621979?
False
Is 251333 a multiple of 23?
False
Does 169 divide 122923?
False
Does 2 divide 208252?
True
Is 1258946 a multiple of 26?
True
Is 216 a factor of 31320?
True
Is 17 a factor of 19635?
True
Is 6 a factor of 919846?
False
Is 8142790 a multiple of 41?
False
Does 135 divide 1298817?
False
Is 21 a factor of 2246209?
False
Does 525 divide 376410?
False
Is 2853194 a multiple of 58?
True
Is 533430 a multiple of 30?
True
Is 9389012 a multiple of 14?
False
Is 36 a factor of 2900304?
True
Does 9 divide 1116?
True
Does 487 divide 1318796?
True
Is 10138 a multiple of 17?
False
Is 160590 a multiple of 530?
True
Is 50512 a multiple of 11?
True
Is 458 a factor of 2208018?
True
Is 56 a factor of 269920?
True
Is 5456610 a multiple of 12?
False
Does 94 divide 16725150?
False
Is 163660 a multiple of 49?
True
Is 4 a factor of 657292?
True
Is 208786 a multiple of 16?
False
Does 35 divide 2469424?
False
Is 29 a factor of 5214042?
False
Is 1833466 a multiple of 17?
False
Is 2138517 a multiple of 10?
False
Does 8 divide 51777?
False
Is 359121 a multiple of 169?
False
Does 21 divide 169192?
False
Is 79834 a multiple of 446?
True
Does 19 divide 24586?
True
Does 14 divide 4279548?
True
Is 7 a factor of 58058?
True
Is 567 a factor of 2847985?
False
Is 4071916 a multiple of 404?
True
Is 11 a factor of 496573?
True
Is 8 a factor of 1717272?
True
Does 69 divide 2342473?
False
Does 557 divide 99475?
False
Does 39 divide 649272?
True
Is 5580421 a multiple of 1507?
True
Does 51 divide 7506?
False
Is 804195 a multiple of 161?
True
Is 230 a factor of 503474?
False
Is 831618 a multiple of 18?
True
Is 2374317 a multiple of 957?
True
Is 5045040 a multiple of 1430?
True
Is 281820 a multiple of 427?
True
Is 133 a factor of 183008?
True
Is 106 a factor of 5931548?
True
Is 29 a factor of 113183?
False
Does 10 divide 2092830?
True
Is 44 a factor of 222904?
True
Is 5 a factor of 264610?
True
Is 10 a factor of 25160?
True
Does 322 divide 27048?
True
Is 11 a factor of 7414?
True
Is 1436207 a multiple of 8?
False
Is 10549 a multiple of 132?
False
Is 146510 a multiple of 7?
True
Is 85867 a multiple of 17?
True
Is 1504 a factor of 2818940?
False
Is 5194928 a multiple of 284?
True
Is 13 a factor of 15107786?
False
Is 87568 a multiple of 26?
True
Does 244 divide 2408783?
False
Is 399420 a multiple of 14?
True
Is 9 a factor of 1039778?
False
Is 1503128 a multiple of 88?
True
Does 103 divide 22491?
False
Is 10576180 a multiple of 8?
False
Does 86 divide 2965328?
False
Does 18 divide 831366?
Tru